{"id":156,"date":"2016-08-05T17:50:15","date_gmt":"2016-08-05T15:50:15","guid":{"rendered":"http:\/\/www.tc-karlsruhe-west.de\/?page_id=156"},"modified":"2026-04-17T09:53:01","modified_gmt":"2026-04-17T07:53:01","slug":"tenniscamps","status":"publish","type":"page","link":"https:\/\/www.tc-karlsruhe-west.de\/?page_id=156","title":{"rendered":"Tenniscamp 2026"},"content":{"rendered":"<p><span style=\"font-family: arial, helvetica, sans-serif;\"><\/span><\/p>\r\n<p class=\"p3\"><span style=\"font-family: arial, helvetica, sans-serif;\">Auch in diesem Jahr findet f\u00fcr <strong>Kinder und Jugendliche <\/strong>wieder ein Tenniscamp auf unserer sch\u00f6nen Anlage statt!<\/span><\/p>\r\n<p><span style=\"font-family: arial, helvetica, sans-serif;\">\r\n\r\n<\/span><\/p>\r\n<p><span style=\"font-family: arial, helvetica, sans-serif;\"><div class=\"su-spacer\" style=\"height:20px\"><\/div><\/span><\/p>\r\n<p><span style=\"font-family: arial, helvetica, sans-serif;\">\r\n\r\n<\/span><\/p>\r\n<h4><span style=\"font-family: arial, helvetica, sans-serif;\"><strong>Termin:<\/strong><\/span><\/h4>\r\n<p><span style=\"font-family: arial, helvetica, sans-serif;\">\r\n\r\n<\/span><\/p>\r\n<h6><span style=\"font-family: arial, helvetica, sans-serif; font-size: 14pt;\">Das Jugend-Sommercamp 2026 wird vom 03.08.2026 &#8211; 07.08.2026 stattfinden. <br>Anmeldeschluss ist der 28.07.2026.<\/span><\/h6>\r\n<h6><span style=\"font-family: arial, helvetica, sans-serif; font-size: 14pt;\">Von 10 bis 16 Uhr werden unter Anweisung unserer geschulten Trainer abwechselnd \u00dcbungen, Spiel und Spa\u00df angeboten.<\/span><\/h6>\r\n<p><span style=\"font-family: arial, helvetica, sans-serif;\">\r\n\r\n<\/span><\/p>\r\n<p><span style=\"font-family: arial, helvetica, sans-serif;\"><div class=\"su-spacer\" style=\"height:20px\"><\/div><\/span><\/p>\r\n<p><span style=\"font-family: arial, helvetica, sans-serif;\">\r\n\r\n<\/span><\/p>\r\n<h4><span style=\"font-family: arial, helvetica, sans-serif;\"><strong>T\u00e4gliches Tennistraining:<\/strong><\/span><\/h4>\r\n<p><span style=\"font-family: arial, helvetica, sans-serif;\">\r\n\r\n<\/span><\/p>\r\n<ul>\r\n<li><span style=\"font-family: arial, helvetica, sans-serif;\">Aufw\u00e4rmgymnastik<\/span><\/li>\r\n<li><span style=\"font-family: arial, helvetica, sans-serif;\">Verschiedene Koordinations\u00fcbungen (z.B. Reaktions-, Pr\u00e4zisions- und Orientierungsf\u00e4higkeit)&nbsp;<\/span><\/li>\r\n<li><span style=\"font-family: arial, helvetica, sans-serif;\">Training der Kondition und Beinarbeit<\/span><\/li>\r\n<li><span style=\"font-family: arial, helvetica, sans-serif;\">Erlernen und Verbesserung von Vorhand und R\u00fcckhand<\/span><\/li>\r\n<li class=\"p3\"><span style=\"font-family: arial, helvetica, sans-serif;\">Verbesserung der Technik in allen Bereichen<\/span><\/li>\r\n<\/ul>\r\n<p><span style=\"font-family: arial, helvetica, sans-serif;\">\r\n\r\n<\/span><\/p>\r\n<p><span style=\"font-family: arial, helvetica, sans-serif;\"><div class=\"su-spacer\" style=\"height:20px\"><\/div><\/span><\/p>\r\n<p><span style=\"font-family: arial, helvetica, sans-serif;\">\r\n\r\n<\/span><\/p>\r\n<h4><span style=\"font-family: arial, helvetica, sans-serif;\"><strong>Weitere Aktivit\u00e4ten:<\/strong><\/span><\/h4>\r\n<p><span style=\"font-family: arial, helvetica, sans-serif;\">\r\n\r\n<\/span><\/p>\r\n<ul>\r\n<li><span style=\"font-family: arial, helvetica, sans-serif;\">Gemeinsame Gruppenaktivit\u00e4ten<\/span><\/li>\r\n<li><span style=\"font-family: arial, helvetica, sans-serif;\">Abschlussfest (Gem\u00fctliches Ausklingen)<\/span><\/li>\r\n<\/ul>\r\n<p><span style=\"font-family: arial, helvetica, sans-serif;\">\r\n\r\n<\/span><\/p>\r\n<p><span style=\"font-family: arial, helvetica, sans-serif;\"><div class=\"su-spacer\" style=\"height:20px\"><\/div><\/span><\/p>\r\n<p><span style=\"font-family: arial, helvetica, sans-serif;\">\r\n\r\n<\/span><\/p>\r\n<p><span style=\"font-family: arial, helvetica, sans-serif;\"><strong>Preis \/ Anmeldung:<br><br><\/strong><\/span><span style=\"font-family: arial, helvetica, sans-serif;\">R\u00fcckfragen bitte per Mail an Jugendwartin Victoria<strong>&nbsp;(jugend@tc-karlsruhe-west.de)<\/strong> senden. Wir freuen uns auf Euch!<\/span><\/p>\r\n<p><span style=\"font-family: arial, helvetica, sans-serif;\">\r\n\r\n<\/span><\/p>\r\n<p><span style=\"font-family: arial, helvetica, sans-serif;\">\r\n\r\n<\/span><\/p>\r\n<p><span style=\"font-family: arial, helvetica, sans-serif;\"><div class=\"su-spacer\" style=\"height:20px\"><\/div><\/span><\/p>\r\n<p><span style=\"font-family: arial, helvetica, sans-serif;\">\r\n\r\n<\/span><\/p>\r\n<h4><span style=\"font-family: arial, helvetica, sans-serif;\"><strong>Und hier findet ihr Impressionen der vergangenen Camps:<\/strong><\/span><\/h4>\r\n<p><img loading=\"lazy\" class=\" wp-image-5715 alignleft\" src=\"http:\/\/www.tc-karlsruhe-west.de\/wp-content\/uploads\/PHOTO-2024-08-01-19-27-50-300x225.jpg\" alt=\"\" width=\"352\" height=\"264\" srcset=\"https:\/\/www.tc-karlsruhe-west.de\/wp-content\/uploads\/PHOTO-2024-08-01-19-27-50-300x225.jpg 300w, https:\/\/www.tc-karlsruhe-west.de\/wp-content\/uploads\/PHOTO-2024-08-01-19-27-50-960x720.jpg 960w, https:\/\/www.tc-karlsruhe-west.de\/wp-content\/uploads\/PHOTO-2024-08-01-19-27-50-768x576.jpg 768w, https:\/\/www.tc-karlsruhe-west.de\/wp-content\/uploads\/PHOTO-2024-08-01-19-27-50-1536x1152.jpg 1536w, https:\/\/www.tc-karlsruhe-west.de\/wp-content\/uploads\/PHOTO-2024-08-01-19-27-50.jpg 1600w\" sizes=\"(max-width: 352px) 100vw, 352px\" \/><\/p>\r\n<p><img loading=\"lazy\" class=\"wp-image-5713 alignleft\" src=\"http:\/\/www.tc-karlsruhe-west.de\/wp-content\/uploads\/PHOTO-2024-07-31-20-38-16-300x225.jpg\" alt=\"\" width=\"341\" height=\"256\" srcset=\"https:\/\/www.tc-karlsruhe-west.de\/wp-content\/uploads\/PHOTO-2024-07-31-20-38-16-300x225.jpg 300w, https:\/\/www.tc-karlsruhe-west.de\/wp-content\/uploads\/PHOTO-2024-07-31-20-38-16-960x720.jpg 960w, https:\/\/www.tc-karlsruhe-west.de\/wp-content\/uploads\/PHOTO-2024-07-31-20-38-16-768x576.jpg 768w, https:\/\/www.tc-karlsruhe-west.de\/wp-content\/uploads\/PHOTO-2024-07-31-20-38-16-1536x1152.jpg 1536w, https:\/\/www.tc-karlsruhe-west.de\/wp-content\/uploads\/PHOTO-2024-07-31-20-38-16.jpg 2016w\" sizes=\"(max-width: 341px) 100vw, 341px\" \/><\/p>\r\n<p>&nbsp;<\/p>\r\n<p>&nbsp;<\/p>\r\n<p>&nbsp;<\/p>\r\n<p>&nbsp;<\/p>\r\n<p>&nbsp;<\/p>\r\n<p>&nbsp;<\/p>\r\n<p>&nbsp;<\/p>\r\n<p><img loading=\"lazy\" class=\" wp-image-5714 alignleft\" src=\"http:\/\/www.tc-karlsruhe-west.de\/wp-content\/uploads\/PHOTO-2024-07-31-16-23-11-258x300.jpg\" alt=\"\" width=\"227\" height=\"264\" srcset=\"https:\/\/www.tc-karlsruhe-west.de\/wp-content\/uploads\/PHOTO-2024-07-31-16-23-11-258x300.jpg 258w, https:\/\/www.tc-karlsruhe-west.de\/wp-content\/uploads\/PHOTO-2024-07-31-16-23-11-619x720.jpg 619w, https:\/\/www.tc-karlsruhe-west.de\/wp-content\/uploads\/PHOTO-2024-07-31-16-23-11-768x893.jpg 768w, https:\/\/www.tc-karlsruhe-west.de\/wp-content\/uploads\/PHOTO-2024-07-31-16-23-11-1321x1536.jpg 1321w, https:\/\/www.tc-karlsruhe-west.de\/wp-content\/uploads\/PHOTO-2024-07-31-16-23-11.jpg 1376w\" sizes=\"(max-width: 227px) 100vw, 227px\" \/><\/p>\r\n<p><span style=\"font-family: arial, helvetica, sans-serif;\">\r\n\r\n<\/span><\/p>\r\n<div class=\"wp-block-image\">\r\n<figure class=\"alignleft\"><span style=\"font-family: arial, helvetica, sans-serif;\"><img loading=\"lazy\" class=\"wp-image-2256 aligncenter\" src=\"http:\/\/www.tc-karlsruhe-west.de\/wp-content\/uploads\/IMG-20170907-WA0008-960x540.jpg\" alt=\"\" width=\"476\" height=\"268\" srcset=\"https:\/\/www.tc-karlsruhe-west.de\/wp-content\/uploads\/IMG-20170907-WA0008-960x540.jpg 960w, https:\/\/www.tc-karlsruhe-west.de\/wp-content\/uploads\/IMG-20170907-WA0008-300x169.jpg 300w, https:\/\/www.tc-karlsruhe-west.de\/wp-content\/uploads\/IMG-20170907-WA0008-768x432.jpg 768w, https:\/\/www.tc-karlsruhe-west.de\/wp-content\/uploads\/IMG-20170907-WA0008-350x197.jpg 350w, https:\/\/www.tc-karlsruhe-west.de\/wp-content\/uploads\/IMG-20170907-WA0008-860x484.jpg 860w, https:\/\/www.tc-karlsruhe-west.de\/wp-content\/uploads\/IMG-20170907-WA0008.jpg 1280w\" sizes=\"(max-width: 476px) 100vw, 476px\" \/><\/span><\/figure>\r\n<\/div>\r\n<p><span style=\"font-family: arial, helvetica, sans-serif;\">\r\n\r\n<\/span><\/p>\r\n<div class=\"wp-block-image\">\r\n<figure class=\"alignleft\"><span style=\"font-family: arial, helvetica, sans-serif;\"><img loading=\"lazy\" class=\"wp-image-2255\" src=\"http:\/\/www.tc-karlsruhe-west.de\/wp-content\/uploads\/IMG-20170907-WA0005-960x540.jpg\" alt=\"\" width=\"609\" height=\"343\" srcset=\"https:\/\/www.tc-karlsruhe-west.de\/wp-content\/uploads\/IMG-20170907-WA0005-960x540.jpg 960w, https:\/\/www.tc-karlsruhe-west.de\/wp-content\/uploads\/IMG-20170907-WA0005-300x169.jpg 300w, https:\/\/www.tc-karlsruhe-west.de\/wp-content\/uploads\/IMG-20170907-WA0005-768x432.jpg 768w, https:\/\/www.tc-karlsruhe-west.de\/wp-content\/uploads\/IMG-20170907-WA0005-350x197.jpg 350w, https:\/\/www.tc-karlsruhe-west.de\/wp-content\/uploads\/IMG-20170907-WA0005-860x484.jpg 860w, https:\/\/www.tc-karlsruhe-west.de\/wp-content\/uploads\/IMG-20170907-WA0005.jpg 1280w\" sizes=\"(max-width: 609px) 100vw, 609px\" \/><\/span><\/figure>\r\n<\/div>\r\n<p><span style=\"font-family: arial, helvetica, sans-serif;\"><\/span><\/p>","protected":false},"excerpt":{"rendered":"<p>Auch in diesem Jahr findet f\u00fcr Kinder und Jugendliche wieder ein Tenniscamp auf unserer sch\u00f6nen Anlage statt! Termin: Das Jugend-Sommercamp 2026 wird vom 03.08.2026 &#8211; 07.08.2026 stattfinden. Anmeldeschluss ist der 28.07.2026. Von 10 bis 16 Uhr werden unter Anweisung unserer geschulten Trainer abwechselnd \u00dcbungen, Spiel und Spa\u00df angeboten. T\u00e4gliches Tennistraining: Aufw\u00e4rmgymnastik Verschiedene Koordinations\u00fcbungen (z.B. Reaktions-, <a class=\"more-link\" href=\"https:\/\/www.tc-karlsruhe-west.de\/?page_id=156\">weiterlesen&#8230;<\/a><\/p>\n","protected":false},"author":1,"featured_media":0,"parent":0,"menu_order":0,"comment_status":"closed","ping_status":"closed","template":"","meta":{"_bbp_topic_count":0,"_bbp_reply_count":0,"_bbp_total_topic_count":0,"_bbp_total_reply_count":0,"_bbp_voice_count":0,"_bbp_anonymous_reply_count":0,"_bbp_topic_count_hidden":0,"_bbp_reply_count_hidden":0,"_bbp_forum_subforum_count":0,"ngg_post_thumbnail":0},"_links":{"self":[{"href":"https:\/\/www.tc-karlsruhe-west.de\/index.php?rest_route=\/wp\/v2\/pages\/156"}],"collection":[{"href":"https:\/\/www.tc-karlsruhe-west.de\/index.php?rest_route=\/wp\/v2\/pages"}],"about":[{"href":"https:\/\/www.tc-karlsruhe-west.de\/index.php?rest_route=\/wp\/v2\/types\/page"}],"author":[{"embeddable":true,"href":"https:\/\/www.tc-karlsruhe-west.de\/index.php?rest_route=\/wp\/v2\/users\/1"}],"replies":[{"embeddable":true,"href":"https:\/\/www.tc-karlsruhe-west.de\/index.php?rest_route=%2Fwp%2Fv2%2Fcomments&post=156"}],"version-history":[{"count":79,"href":"https:\/\/www.tc-karlsruhe-west.de\/index.php?rest_route=\/wp\/v2\/pages\/156\/revisions"}],"predecessor-version":[{"id":5886,"href":"https:\/\/www.tc-karlsruhe-west.de\/index.php?rest_route=\/wp\/v2\/pages\/156\/revisions\/5886"}],"wp:attachment":[{"href":"https:\/\/www.tc-karlsruhe-west.de\/index.php?rest_route=%2Fwp%2Fv2%2Fmedia&parent=156"}],"curies":[{"name":"wp","href":"https:\/\/api.w.org\/{rel}","templated":true}]}}

<p><span style="font-family: arial, helvetica, sans-serif;"></span></p>
<p class="p3"><span style="font-family: arial, helvetica, sans-serif;">Auch in diesem Jahr findet für <strong>Kinder und Jugendliche </strong>wieder ein Tenniscamp auf unserer schönen Anlage statt!</span></p>
<p><span style="font-family: arial, helvetica, sans-serif;">

</span></p>
<p><span style="font-family: arial, helvetica, sans-serif;"><div class="su-spacer" style="height:20px"></div></span></p>
<p><span style="font-family: arial, helvetica, sans-serif;">

</span></p>
<h4><span style="font-family: arial, helvetica, sans-serif;"><strong>Termin:</strong></span></h4>
<p><span style="font-family: arial, helvetica, sans-serif;">

</span></p>
<h6><span style="font-family: arial, helvetica, sans-serif; font-size: 14pt;">Das Jugend-Sommercamp 2026 wird vom 03.08.2026 &#8211; 07.08.2026 stattfinden. <br>Anmeldeschluss ist der 28.07.2026.</span></h6>
<h6><span style="font-family: arial, helvetica, sans-serif; font-size: 14pt;">Von 10 bis 16 Uhr werden unter Anweisung unserer geschulten Trainer abwechselnd Übungen, Spiel und Spaß angeboten.</span></h6>
<p><span style="font-family: arial, helvetica, sans-serif;">

</span></p>
<p><span style="font-family: arial, helvetica, sans-serif;"><div class="su-spacer" style="height:20px"></div></span></p>
<p><span style="font-family: arial, helvetica, sans-serif;">

</span></p>
<h4><span style="font-family: arial, helvetica, sans-serif;"><strong>Tägliches Tennistraining:</strong></span></h4>
<p><span style="font-family: arial, helvetica, sans-serif;">

</span></p>
<ul>
<li><span style="font-family: arial, helvetica, sans-serif;">Aufwärmgymnastik</span></li>
<li><span style="font-family: arial, helvetica, sans-serif;">Verschiedene Koordinationsübungen (z.B. Reaktions-, Präzisions- und Orientierungsfähigkeit)&nbsp;</span></li>
<li><span style="font-family: arial, helvetica, sans-serif;">Training der Kondition und Beinarbeit</span></li>
<li><span style="font-family: arial, helvetica, sans-serif;">Erlernen und Verbesserung von Vorhand und Rückhand</span></li>
<li class="p3"><span style="font-family: arial, helvetica, sans-serif;">Verbesserung der Technik in allen Bereichen</span></li>
</ul>
<p><span style="font-family: arial, helvetica, sans-serif;">

</span></p>
<p><span style="font-family: arial, helvetica, sans-serif;"><div class="su-spacer" style="height:20px"></div></span></p>
<p><span style="font-family: arial, helvetica, sans-serif;">

</span></p>
<h4><span style="font-family: arial, helvetica, sans-serif;"><strong>Weitere Aktivitäten:</strong></span></h4>
<p><span style="font-family: arial, helvetica, sans-serif;">

</span></p>
<ul>
<li><span style="font-family: arial, helvetica, sans-serif;">Gemeinsame Gruppenaktivitäten</span></li>
<li><span style="font-family: arial, helvetica, sans-serif;">Abschlussfest (Gemütliches Ausklingen)</span></li>
</ul>
<p><span style="font-family: arial, helvetica, sans-serif;">

</span></p>
<p><span style="font-family: arial, helvetica, sans-serif;"><div class="su-spacer" style="height:20px"></div></span></p>
<p><span style="font-family: arial, helvetica, sans-serif;">

</span></p>
<p><span style="font-family: arial, helvetica, sans-serif;"><strong>Preis / Anmeldung:<br><br></strong></span><span style="font-family: arial, helvetica, sans-serif;">Rückfragen bitte per Mail an Jugendwartin Victoria<strong>&nbsp;(jugend@tc-karlsruhe-west.de)</strong> senden. Wir freuen uns auf Euch!</span></p>
<p><span style="font-family: arial, helvetica, sans-serif;">

</span></p>
<p><span style="font-family: arial, helvetica, sans-serif;">

</span></p>
<p><span style="font-family: arial, helvetica, sans-serif;"><div class="su-spacer" style="height:20px"></div></span></p>
<p><span style="font-family: arial, helvetica, sans-serif;">

</span></p>
<h4><span style="font-family: arial, helvetica, sans-serif;"><strong>Und hier findet ihr Impressionen der vergangenen Camps:</strong></span></h4>
<p><img loading="lazy" class=" wp-image-5715 alignleft" src="http://www.tc-karlsruhe-west.de/wp-content/uploads/PHOTO-2024-08-01-19-27-50-300x225.jpg" alt="" width="352" height="264" srcset="https://www.tc-karlsruhe-west.de/wp-content/uploads/PHOTO-2024-08-01-19-27-50-300x225.jpg 300w, https://www.tc-karlsruhe-west.de/wp-content/uploads/PHOTO-2024-08-01-19-27-50-960x720.jpg 960w, https://www.tc-karlsruhe-west.de/wp-content/uploads/PHOTO-2024-08-01-19-27-50-768x576.jpg 768w, https://www.tc-karlsruhe-west.de/wp-content/uploads/PHOTO-2024-08-01-19-27-50-1536x1152.jpg 1536w, https://www.tc-karlsruhe-west.de/wp-content/uploads/PHOTO-2024-08-01-19-27-50.jpg 1600w" sizes="(max-width: 352px) 100vw, 352px" /></p>
<p><img loading="lazy" class="wp-image-5713 alignleft" src="http://www.tc-karlsruhe-west.de/wp-content/uploads/PHOTO-2024-07-31-20-38-16-300x225.jpg" alt="" width="341" height="256" srcset="https://www.tc-karlsruhe-west.de/wp-content/uploads/PHOTO-2024-07-31-20-38-16-300x225.jpg 300w, https://www.tc-karlsruhe-west.de/wp-content/uploads/PHOTO-2024-07-31-20-38-16-960x720.jpg 960w, https://www.tc-karlsruhe-west.de/wp-content/uploads/PHOTO-2024-07-31-20-38-16-768x576.jpg 768w, https://www.tc-karlsruhe-west.de/wp-content/uploads/PHOTO-2024-07-31-20-38-16-1536x1152.jpg 1536w, https://www.tc-karlsruhe-west.de/wp-content/uploads/PHOTO-2024-07-31-20-38-16.jpg 2016w" sizes="(max-width: 341px) 100vw, 341px" /></p>
<p>&nbsp;</p>
<p>&nbsp;</p>
<p>&nbsp;</p>
<p>&nbsp;</p>
<p>&nbsp;</p>
<p>&nbsp;</p>
<p>&nbsp;</p>
<p><img loading="lazy" class=" wp-image-5714 alignleft" src="http://www.tc-karlsruhe-west.de/wp-content/uploads/PHOTO-2024-07-31-16-23-11-258x300.jpg" alt="" width="227" height="264" srcset="https://www.tc-karlsruhe-west.de/wp-content/uploads/PHOTO-2024-07-31-16-23-11-258x300.jpg 258w, https://www.tc-karlsruhe-west.de/wp-content/uploads/PHOTO-2024-07-31-16-23-11-619x720.jpg 619w, https://www.tc-karlsruhe-west.de/wp-content/uploads/PHOTO-2024-07-31-16-23-11-768x893.jpg 768w, https://www.tc-karlsruhe-west.de/wp-content/uploads/PHOTO-2024-07-31-16-23-11-1321x1536.jpg 1321w, https://www.tc-karlsruhe-west.de/wp-content/uploads/PHOTO-2024-07-31-16-23-11.jpg 1376w" sizes="(max-width: 227px) 100vw, 227px" /></p>
<p><span style="font-family: arial, helvetica, sans-serif;">

</span></p>
<div class="wp-block-image">
<figure class="alignleft"><span style="font-family: arial, helvetica, sans-serif;"><img loading="lazy" class="wp-image-2256 aligncenter" src="http://www.tc-karlsruhe-west.de/wp-content/uploads/IMG-20170907-WA0008-960x540.jpg" alt="" width="476" height="268" srcset="https://www.tc-karlsruhe-west.de/wp-content/uploads/IMG-20170907-WA0008-960x540.jpg 960w, https://www.tc-karlsruhe-west.de/wp-content/uploads/IMG-20170907-WA0008-300x169.jpg 300w, https://www.tc-karlsruhe-west.de/wp-content/uploads/IMG-20170907-WA0008-768x432.jpg 768w, https://www.tc-karlsruhe-west.de/wp-content/uploads/IMG-20170907-WA0008-350x197.jpg 350w, https://www.tc-karlsruhe-west.de/wp-content/uploads/IMG-20170907-WA0008-860x484.jpg 860w, https://www.tc-karlsruhe-west.de/wp-content/uploads/IMG-20170907-WA0008.jpg 1280w" sizes="(max-width: 476px) 100vw, 476px" /></span></figure>
</div>
<p><span style="font-family: arial, helvetica, sans-serif;">

</span></p>
<div class="wp-block-image">
<figure class="alignleft"><span style="font-family: arial, helvetica, sans-serif;"><img loading="lazy" class="wp-image-2255" src="http://www.tc-karlsruhe-west.de/wp-content/uploads/IMG-20170907-WA0005-960x540.jpg" alt="" width="609" height="343" srcset="https://www.tc-karlsruhe-west.de/wp-content/uploads/IMG-20170907-WA0005-960x540.jpg 960w, https://www.tc-karlsruhe-west.de/wp-content/uploads/IMG-20170907-WA0005-300x169.jpg 300w, https://www.tc-karlsruhe-west.de/wp-content/uploads/IMG-20170907-WA0005-768x432.jpg 768w, https://www.tc-karlsruhe-west.de/wp-content/uploads/IMG-20170907-WA0005-350x197.jpg 350w, https://www.tc-karlsruhe-west.de/wp-content/uploads/IMG-20170907-WA0005-860x484.jpg 860w, https://www.tc-karlsruhe-west.de/wp-content/uploads/IMG-20170907-WA0005.jpg 1280w" sizes="(max-width: 609px) 100vw, 609px" /></span></figure>
</div>
<p><span style="font-family: arial, helvetica, sans-serif;"></span></p>

<p>Auch in diesem Jahr findet für Kinder und Jugendliche wieder ein Tenniscamp auf unserer schönen Anlage statt! Termin: Das Jugend-Sommercamp 2026 wird vom 03.08.2026 &#8211; 07.08.2026 stattfinden. Anmeldeschluss ist der 28.07.2026. Von 10 bis 16 Uhr werden unter Anweisung unserer geschulten Trainer abwechselnd Übungen, Spiel und Spaß angeboten. Tägliches Tennistraining: Aufwärmgymnastik Verschiedene Koordinationsübungen (z.B. Reaktions-, <a class="more-link" href="https://www.tc-karlsruhe-west.de/?page_id=156">weiterlesen&#8230;</a></p>
