{"id":141,"date":"2016-08-05T17:33:02","date_gmt":"2016-08-05T15:33:02","guid":{"rendered":"http:\/\/www.tc-karlsruhe-west.de\/?page_id=141"},"modified":"2021-04-08T17:50:29","modified_gmt":"2021-04-08T15:50:29","slug":"anfahrt-2","status":"publish","type":"page","link":"https:\/\/www.tc-karlsruhe-west.de\/?page_id=141","title":{"rendered":"Anfahrt"},"content":{"rendered":"\n<p>Tennisclub Karlsruhe-West e.V.<br>Berliner Stra\u00dfe 10<br>76185 Karlsruhe<\/p>\n\n\n<div class=\"su-gmap su-u-responsive-media-yes\"><iframe width=\"600\" height=\"400\" src=\"\/\/maps.google.com\/maps?q=Berliner%20Stra%C3%9Fe%2010%2C%2076185%20Karlsruhe&amp;output=embed\" title=\"\"><\/iframe><\/div>\n\n\n<div class=\"su-spacer\" style=\"height:20px\"><\/div>\n\n\n\n<h4><strong>Fahrrad<\/strong><\/h4>\n\n\n\n<p>Mit dem Fahrrad gelangst du aus nahezu allen Karlsruher Stadtteilen in unter 15 Minuten auf den Tennisplatz in der Nordweststadt:<\/p>\n\n\n\n<ul><li>M\u00fchlburg 5 min<\/li><li>Knielingen 5 min<\/li><li>Nordstadt 8 min<\/li><li>Weststadt 8 min<\/li><li>Neureut 10 min<\/li><li>Innenstadt 12 min<\/li><li>S\u00fcdweststadt 15 min<\/li><li>Oststadt 15 min<\/li><\/ul>\n\n\n<div class=\"su-spacer\" style=\"height:20px\"><\/div>\n\n\n\n<h4><strong>\u00d6PNV<\/strong><\/h4>\n\n\n\n<p>Zum Vereinsgel\u00e4nde ben\u00f6tigst du ab der Haltestelle &#8220;Hertzstra\u00dfe&#8221; fu\u00dfl\u00e4ufig nur knapp f\u00fcnf Minuten. Dorthin gelangst du mit der S-Bahn-Linie 2 oder der Bus-Linie 70.<\/p>\n","protected":false},"excerpt":{"rendered":"<p>Tennisclub Karlsruhe-West e.V.Berliner Stra\u00dfe 1076185 Karlsruhe Fahrrad Mit dem Fahrrad gelangst du aus nahezu allen Karlsruher Stadtteilen in unter 15 Minuten auf den Tennisplatz in der Nordweststadt: M\u00fchlburg 5 min Knielingen 5 min Nordstadt 8 min Weststadt 8 min Neureut 10 min Innenstadt 12 min S\u00fcdweststadt 15 min Oststadt 15 min \u00d6PNV Zum Vereinsgel\u00e4nde ben\u00f6tigst <a class=\"more-link\" href=\"https:\/\/www.tc-karlsruhe-west.de\/?page_id=141\">weiterlesen&#8230;<\/a><\/p>\n","protected":false},"author":1,"featured_media":0,"parent":0,"menu_order":0,"comment_status":"closed","ping_status":"closed","template":"","meta":{"_bbp_topic_count":0,"_bbp_reply_count":0,"_bbp_total_topic_count":0,"_bbp_total_reply_count":0,"_bbp_voice_count":0,"_bbp_anonymous_reply_count":0,"_bbp_topic_count_hidden":0,"_bbp_reply_count_hidden":0,"_bbp_forum_subforum_count":0,"ngg_post_thumbnail":0},"_links":{"self":[{"href":"https:\/\/www.tc-karlsruhe-west.de\/index.php?rest_route=\/wp\/v2\/pages\/141"}],"collection":[{"href":"https:\/\/www.tc-karlsruhe-west.de\/index.php?rest_route=\/wp\/v2\/pages"}],"about":[{"href":"https:\/\/www.tc-karlsruhe-west.de\/index.php?rest_route=\/wp\/v2\/types\/page"}],"author":[{"embeddable":true,"href":"https:\/\/www.tc-karlsruhe-west.de\/index.php?rest_route=\/wp\/v2\/users\/1"}],"replies":[{"embeddable":true,"href":"https:\/\/www.tc-karlsruhe-west.de\/index.php?rest_route=%2Fwp%2Fv2%2Fcomments&post=141"}],"version-history":[{"count":29,"href":"https:\/\/www.tc-karlsruhe-west.de\/index.php?rest_route=\/wp\/v2\/pages\/141\/revisions"}],"predecessor-version":[{"id":4908,"href":"https:\/\/www.tc-karlsruhe-west.de\/index.php?rest_route=\/wp\/v2\/pages\/141\/revisions\/4908"}],"wp:attachment":[{"href":"https:\/\/www.tc-karlsruhe-west.de\/index.php?rest_route=%2Fwp%2Fv2%2Fmedia&parent=141"}],"curies":[{"name":"wp","href":"https:\/\/api.w.org\/{rel}","templated":true}]}}